{"id":156,"date":"2019-02-06T19:34:57","date_gmt":"2019-02-06T18:34:57","guid":{"rendered":"http:\/\/derbydesvallonsdupra.fr\/?page_id=156"},"modified":"2023-12-13T13:41:19","modified_gmt":"2023-12-13T12:41:19","slug":"association","status":"publish","type":"page","link":"https:\/\/derbydesvallonsdupra.fr\/index.php\/association\/","title":{"rendered":"ASSOCIATION"},"content":{"rendered":"<div class=\"wp-block-image\">\n<figure class=\"aligncenter\"><img fetchpriority=\"high\" decoding=\"async\" width=\"591\" height=\"165\" src=\"https:\/\/derbydesvallonsdupra.fr\/wp-content\/uploads\/2019\/03\/lakikarivenba.jpg\" alt=\"\" class=\"wp-image-430\" srcset=\"https:\/\/derbydesvallonsdupra.fr\/wp-content\/uploads\/2019\/03\/lakikarivenba.jpg 591w, https:\/\/derbydesvallonsdupra.fr\/wp-content\/uploads\/2019\/03\/lakikarivenba-300x84.jpg 300w\" sizes=\"(max-width: 591px) 100vw, 591px\" \/><\/figure>\n<\/div>\n\n\n<p class=\"has-text-align-center\"><a href=\"https:\/\/www.facebook.com\/Lakikarivenba-2226055477664762\/\" target=\"_blank\" rel=\"noreferrer noopener\" aria-label=\"PAGE FACEBOOK (s\u2019ouvre dans un nouvel onglet)\">PAGE FACEBOOK<\/a><br><\/p>\n\n\n\n<p class=\"has-text-align-center\"><a href=\"https:\/\/www.youtube.com\/channel\/UCHH2Oc4YDTj5HEjOnCX23wA\" target=\"_blank\" rel=\"noreferrer noopener\" aria-label=\"CHAINE YOUTUBE (s\u2019ouvre dans un nouvel onglet)\">CHAINE YOUTUBE<\/a><br><\/p>\n\n\n\n<p><br><\/p>\n\n\n<div class=\"wp-block-image\">\n<figure class=\"aligncenter\"><img decoding=\"async\" width=\"662\" height=\"440\" src=\"https:\/\/derbydesvallonsdupra.fr\/wp-content\/uploads\/2019\/03\/caisseasavon.png\" alt=\"\" class=\"wp-image-438\" srcset=\"https:\/\/derbydesvallonsdupra.fr\/wp-content\/uploads\/2019\/03\/caisseasavon.png 662w, https:\/\/derbydesvallonsdupra.fr\/wp-content\/uploads\/2019\/03\/caisseasavon-300x199.png 300w\" sizes=\"(max-width: 662px) 100vw, 662px\" \/><\/figure>\n<\/div>\n\n\n<p><strong>Lakikarivenba<\/strong> c&rsquo;est au d\u00e9part une course de caisse \u00e0 savon que nous organisons pour f\u00eater la fin de l&rsquo;\u00e9t\u00e9 \u00e0 <a rel=\"noreferrer noopener\" aria-label=\"La Ferri\u00e8re (s\u2019ouvre dans un nouvel onglet)\" href=\"http:\/\/www.lehautbreda.fr\/index.html\" target=\"_blank\">La Ferri\u00e8re<\/a> dans la vraiment vraiment belle et sympa vall\u00e9e du Haut-Br\u00e9da<br><br><\/p>\n\n\n\n<p>Lakikarivenba est d\u00e9sormais une association loi 1901 a but non lucratif compos\u00e9e de b\u00e9n\u00e9voles qui habitent dans la <a href=\"http:\/\/www.lehautbreda.fr\/index.html\" target=\"_blank\" rel=\"noreferrer noopener\" aria-label=\"vall\u00e9e du Haut-breda (s\u2019ouvre dans un nouvel onglet)\">vall\u00e9e du Haut-breda<\/a> et travaillent \u00e0 la <a href=\"http:\/\/www.les7laux.com\/\" target=\"_blank\" rel=\"noreferrer noopener\" aria-label=\"station des 7 laux (s\u2019ouvre dans un nouvel onglet)\">station des 7 laux<\/a>.<\/p>\n\n\n\n<p>Elle organise le derby des vallons du Pra et une course de caisse \u00e0 savon ( championnat du monde du Haut-breda ??) Son but est d&rsquo;organiser des \u00e9v\u00e8nements sportifs et festifs sans se prendre au s\u00e9rieux et qui n&rsquo; aurait pas lieu gr\u00e2ce \u00e0 l&rsquo;aide de nombreux b\u00e9n\u00e9voles et le soutien de la mairie et du d\u00e9partement.<\/p>\n\n\n\n<p><a rel=\"noreferrer noopener\" aria-label=\"vid\u00e9o de la course de caisse \u00e0 savon 2019  (s\u2019ouvre dans un nouvel onglet)\" href=\"https:\/\/www.youtube.com\/watch?v=jGZwMTBvkYU\" target=\"_blank\">vid\u00e9o de la course de caisse \u00e0 savon 2018 <\/a><br><\/p>\n\n\n\n<p><a rel=\"noreferrer noopener\" aria-label=\"une autre vid\u00e9o de la course (s\u2019ouvre dans un nouvel onglet)\" href=\"https:\/\/www.youtube.com\/watch?v=RjqKu934c2E\" target=\"_blank\">une autre vid\u00e9o de la course 2018<\/a><\/p>\n\n\n\n<p><a rel=\"noreferrer noopener\" aria-label=\"video course caisse \u00e0 savon 2019 (s\u2019ouvre dans un nouvel onglet)\" href=\"https:\/\/www.youtube.com\/watch?v=e_3W-JqUCzs\" target=\"_blank\">vid\u00e9o course caisse \u00e0 savon 2019<\/a><\/p>\n\n\n\n<p><a href=\"https:\/\/www.youtube.com\/watch?v=CJB4qQdTk-A&amp;list=PLkmIyoMPlfK1nJ09M5x9wJefdUF43-i-C\" target=\"_blank\" rel=\"noreferrer noopener\">vid\u00e9o course caisse \u00e0 savon 2021<\/a><\/p>\n\n\n\n<figure class=\"wp-block-embed is-type-video is-provider-youtube wp-block-embed-youtube wp-embed-aspect-16-9 wp-has-aspect-ratio\"><div class=\"wp-block-embed__wrapper\">\n<div class='embed-container'><iframe title=\"2022 10 Lakikarivenba\" width=\"1920\" height=\"1080\" src=\"https:\/\/www.youtube.com\/embed\/NqTDwalbUQs?feature=oembed\" frameborder=\"0\" allow=\"accelerometer; autoplay; clipboard-write; encrypted-media; gyroscope; picture-in-picture; web-share\" referrerpolicy=\"strict-origin-when-cross-origin\" allowfullscreen><\/iframe><\/div>\n<\/div><\/figure>\n\n\n\n<figure class=\"wp-block-embed is-type-video is-provider-youtube wp-block-embed-youtube wp-embed-aspect-16-9 wp-has-aspect-ratio\"><div class=\"wp-block-embed__wrapper\">\n<div class='embed-container'><iframe title=\"2023 10 Lakikarivenba\" width=\"1920\" height=\"1080\" src=\"https:\/\/www.youtube.com\/embed\/El-CpmDHbyQ?feature=oembed\" frameborder=\"0\" allow=\"accelerometer; autoplay; clipboard-write; encrypted-media; gyroscope; picture-in-picture; web-share\" allowfullscreen><\/iframe><\/div>\n<\/div><\/figure>\n","protected":false},"excerpt":{"rendered":"<p>PAGE FACEBOOK CHAINE YOUTUBE Lakikarivenba c&rsquo;est au d\u00e9part une course de caisse \u00e0 savon que nous organisons pour f\u00eater la fin de l&rsquo;\u00e9t\u00e9 \u00e0 La Ferri\u00e8re dans la vraiment vraiment belle et sympa vall\u00e9e du Haut-Br\u00e9da Lakikarivenba est d\u00e9sormais une association loi 1901 a but non lucratif compos\u00e9e de b\u00e9n\u00e9voles qui habitent dans la vall\u00e9e&hellip; <br \/> <a class=\"read-more\" href=\"https:\/\/derbydesvallonsdupra.fr\/index.php\/association\/\">Lire la suite<\/a><\/p>\n","protected":false},"author":1,"featured_media":0,"parent":0,"menu_order":0,"comment_status":"closed","ping_status":"closed","template":"","meta":{"footnotes":""},"class_list":["post-156","page","type-page","status-publish","hentry"],"_links":{"self":[{"href":"https:\/\/derbydesvallonsdupra.fr\/index.php\/wp-json\/wp\/v2\/pages\/156","targetHints":{"allow":["GET"]}}],"collection":[{"href":"https:\/\/derbydesvallonsdupra.fr\/index.php\/wp-json\/wp\/v2\/pages"}],"about":[{"href":"https:\/\/derbydesvallonsdupra.fr\/index.php\/wp-json\/wp\/v2\/types\/page"}],"author":[{"embeddable":true,"href":"https:\/\/derbydesvallonsdupra.fr\/index.php\/wp-json\/wp\/v2\/users\/1"}],"replies":[{"embeddable":true,"href":"https:\/\/derbydesvallonsdupra.fr\/index.php\/wp-json\/wp\/v2\/comments?post=156"}],"version-history":[{"count":20,"href":"https:\/\/derbydesvallonsdupra.fr\/index.php\/wp-json\/wp\/v2\/pages\/156\/revisions"}],"predecessor-version":[{"id":1442,"href":"https:\/\/derbydesvallonsdupra.fr\/index.php\/wp-json\/wp\/v2\/pages\/156\/revisions\/1442"}],"wp:attachment":[{"href":"https:\/\/derbydesvallonsdupra.fr\/index.php\/wp-json\/wp\/v2\/media?parent=156"}],"curies":[{"name":"wp","href":"https:\/\/api.w.org\/{rel}","templated":true}]}}