{"id":114,"date":"2019-02-06T18:48:59","date_gmt":"2019-02-06T17:48:59","guid":{"rendered":"http:\/\/derbydesvallonsdupra.fr\/?page_id=114"},"modified":"2026-03-07T19:25:40","modified_gmt":"2026-03-07T18:25:40","slug":"reglement","status":"publish","type":"page","link":"https:\/\/derbydesvallonsdupra.fr\/index.php\/reglement\/","title":{"rendered":"R\u00e8glement"},"content":{"rendered":"\n<p><strong>REGLEMENT DERBY DES VALLONS DU PRA<\/strong><\/p>\n\n\n\n<p><strong>1 CALENDRIER :<\/strong><\/p>\n\n\n\n<p>Le Derby des Vallons du Pra dans la station des Sept Laux&nbsp;aura lieu le samedi 28 mars 2026. Il s\u2019agit de la siexieme \u00e9dition. Le derby fait partie du troph\u00e9e des derbys.<\/p>\n\n\n\n<p><strong>2 PARTICIPATION :<\/strong><\/p>\n\n\n\n<p>L\u2019\u00e9preuve est ouverte \u00e0 toutes et \u00e0 tous, licenci\u00e9s ou non, \u00e2g\u00e9s de 14 ans minimum ( le jour de l\u2019\u00e9preuve ).<\/p>\n\n\n\n<p><strong>Tout participant (ainsi que le responsable l\u00e9gal pour les mineurs) s&rsquo;engage personnellement \u00e0 \u00eatre apte \u00e0 la pratique du ski, \u00e0 la participation au derby et avoir une assurance personnelle pour ce type d&rsquo;\u00e9preuve. L&rsquo;association Lakikarivenba, ses dirigeants, adh\u00e9rents ou b\u00e9n\u00e9voles ainsi que la station de ski des 7 Laux (semlg) ne pourront \u00eatre tenu responsables. <\/strong>L&rsquo;inscription int\u00e8gre toutefois l&rsquo;assurance qui couvre les frais de secours le jour de l\u2019\u00e9preuve.<\/p>\n\n\n\n<p>L\u2019\u00e9preuve peut se faire au moyen de tout <strong>engin de glisse disposant obligatoirement d\u2019un syst\u00e8me d\u2019arr\u00eat type stop ski ou \u00e9quivalent&nbsp;:<\/strong> ski, monoski (patinettes interdites), snowboard (b\u00e2tons interdits), t\u00e9l\u00e9mark, snowscoot et fauteuil ski (Handiskieurs)<\/p>\n\n\n\n<p>Particularit\u00e9 inscription jeune&nbsp;:<\/p>\n\n\n\n<p>Les jeunes de moins de 18 ans devront fournir une attestation parentale indiquant clairement \u00ab&nbsp;l\u2019autorisation \u00e0 participer au derby des vallons du Pra \u00bb.<br>Le responsable l\u00e9gal devra imp\u00e9rativement accepter sans r\u00e9serve le r\u00e8glement lors de l&rsquo;inscription.<\/p>\n\n\n\n<p>Ce document est t\u00e9l\u00e9chargeable sur le <a href=\"https:\/\/derbydesvallonsdupra.fr\/\" target=\"_blank\" rel=\"noreferrer noopener\">site des vallons du Pra<\/a> ou sur le site d\u2019inscription.<br><br><br><\/p>\n\n\n\n<p>Le changement d&rsquo;engin en cours de route est interdit.<\/p>\n\n\n\n<p><strong>Tout concurrent ne ma\u00eetrisant pas suffisamment son engin pourra se voir refuser le d\u00e9part ou l\u2019acc\u00e8s aux vallons.<\/strong><\/p>\n\n\n\n<p>Le Comit\u00e9 d\u2019Organisation se r\u00e9serve la possibilit\u00e9 de refuser l\u2019utilisation d\u2019un engin en fonction de ses caract\u00e9ristiques.<br>L&rsquo;organisation et la station des 7 Laux d\u00e9clinent toute responsabilit\u00e9 en cas d&rsquo;accident mat\u00e9riel ou corporel pouvant survenir aux concurrents et des suites \u00e9ventuelles qui pourraient en d\u00e9couler, ainsi qu&rsquo;en cas de dommage caus\u00e9 par un participant \u00e0 un autre participant ou \u00e0 un tiers, ainsi qu\u2019en cas de perte ou de vol des effets personnels.<\/p>\n\n\n\n<p><strong>3 ENGAGEMENTS :<\/strong><\/p>\n\n\n\n<p><strong>Inscription<\/strong><\/p>\n\n\n\n<p>42 \u20ac pour les adultes et jeunes sans forfait saison<br>22 \u20ac pour les participants ayant un forfait saison<\/p>\n\n\n\n<p>Le co\u00fbt comprend&nbsp;: un forfait journ\u00e9e ainsi que son support (sauf pour les d\u00e9tenteurs d&rsquo;un forfait saison), l&rsquo;assurance secours journ\u00e9e, la couverture des frais li\u00e9s \u00e0 l&rsquo;organisation et \u00e0 la s\u00e9curit\u00e9, la collation du matin, le repas du midi (apr\u00e8s la course), le podium et la remise des prix ainsi qu&rsquo;une consommation \u00e0 la soir\u00e9e du derby ou sur le front de neige.<\/p>\n\n\n\n<p>La cl\u00f4ture des inscriptions sera d\u00e9cid\u00e9e sans pr\u00e9avis par le Comit\u00e9 d\u2019Organisation d\u00e8s que le quota maximum des participants de la 6<sup><u>\u00e8me<\/u><\/sup>\u00e9dition sera atteint.<\/p>\n\n\n\n<p><strong>ATTENTION&nbsp;:<\/strong> En cas de place encore disponible apr\u00e8s la cl\u00f4ture des inscriptions, il vous faudra venir sur place. L\u2019engagement est payable \u00e0 l&rsquo;ordre de l\u2019association Lakikarivenba sous r\u00e9serve de places disponibles. Sur place le prix est de 50 euros et 30 euros.<\/p>\n\n\n\n<p>L\u2019inscription se fait via le site <a href=\"https:\/\/derbydesvallonsdupra.fr\/\" target=\"_blank\" rel=\"noreferrer noopener\">www.derbydesvallonsdupra.fr<\/a> et ne sera valid\u00e9e qu\u2019une fois pay\u00e9e.<br>Toute inscription incompl\u00e8te&nbsp;: r\u00e8glement non accept\u00e9 sans r\u00e9serve et autorisation parentale (s&rsquo;il y a lieu) incompl\u00e8te ou non sign\u00e9 par le responsable l\u00e9gal et non accompagn\u00e9 du paiement de l\u2019engagement ne pourra \u00eatre pris en compte.<br>Le nombre de concurrents admis \u00e0 participer \u00e0 l&rsquo;\u00e9preuve est d\u00e9termin\u00e9 chaque ann\u00e9e par le Comit\u00e9 d\u2019Organisation.<br>Les engagements seront clos sans pr\u00e9avis lorsque le nombre maximum de concurrents admis \u00e0 participer sera atteint.<\/p>\n\n\n\n<p><strong>4 LES DOSSARDS :<\/strong><\/p>\n\n\n\n<p>Seuls les porteurs du dossard officiel pourront participer \u00e0 l&rsquo;\u00e9preuve. Les dossards seront \u00e0 retirer \u00e0 la salle polyvalente du Pleynet , <strong>le samedi 28 mars \u00e0 partir de 7H30<\/strong><\/p>\n\n\n\n<p>Lors du retrait du dossard, chaque concurrent devra pr\u00e9senter <strong>une pi\u00e8ce d\u2019identit\u00e9<\/strong> , avoir accept\u00e9 sans r\u00e9serve <strong>le r\u00e8glement et avoir une<\/strong> <strong>autorisation parentale valable <\/strong>(le cas \u00e9ch\u00e9ant) via le site d\u2019inscription.<\/p>\n\n\n\n<p><br>Le concurrent devra v\u00e9rifier l&rsquo;exactitude des informations le concernant, \u00e2ge, sexe, cat\u00e9gorie.<br><strong>L\u2019organisation ne pourra \u00eatre tenue responsable d\u2019\u00e9ventuelles erreurs.<\/strong><\/p>\n\n\n\n<p><strong>5 REMONTEES MECANIQUES :<\/strong><\/p>\n\n\n\n<p>Les concurrents munis de leur dossard se verront remettre un forfait de transport, strictement personnel, compris dans le prix de l&rsquo;inscription.<br>Ce forfait sera remis lors du retrait du dossard.<\/p>\n\n\n\n<p>Le Comit\u00e9 d\u2019Organisation du derby des vallons du Pra ainsi que la station des 7 Laux d\u00e9cline toute responsabilit\u00e9 pour tous dommages caus\u00e9s ou subis durant toute la journ\u00e9e du derby des vallons du Pra ( liaison, course, reconnaissance&#8230;).<\/p>\n\n\n\n<p>Les participants devront respecter les r\u00e8gles de bonnes conduites du skieur , respecter les autres usagers des pistes ainsi que l&rsquo; \u00e9thique du derby des vallons du Pra.<\/p>\n\n\n\n<p><strong>6 DEGUISEMENTS :<\/strong><\/p>\n\n\n\n<p>Les participants peuvent venir avec des d\u00e9guisements&nbsp;sans qu\u2019 ils ne soient dangereux pour eux ou les autres participants.<\/p>\n\n\n\n<p><strong>7 DEPART :<\/strong><\/p>\n\n\n\n<p>Le d\u00e9part se fera un par un toutes les 20 secondes maximum .L\u2019ordre de d\u00e9part sera \u00e9tabli par un tirage au sort.<\/p>\n\n\n\n<p> Le premier d\u00e9part est pr\u00e9vu normalement \u00e0 12 h 00.<\/p>\n\n\n\n<p>L&rsquo;organisation se r\u00e9serve le droit de d\u00e9caler ou modifier l\u2019intervalle de temps de d\u00e9part ou l\u2019heure du d\u00e9part ou la maniere de depart ( mass start ) pour diverses raisons notamment conditions m\u00e9t\u00e9orologiques ou de nivologies.<\/p>\n\n\n\n<p>Les participants non pr\u00e9sents au d\u00e9part ou <strong>se pr\u00e9sentant sur un autre engin que celui valid\u00e9 lors de la remise du dossard seront disqualifi\u00e9s. Les participants se pr\u00e9sentant au d\u00e9part sans syst\u00e8me d\u2019arr\u00eat type stop ski ou \u00e9quivalent sur leurs skis, monoski, t\u00e9l\u00e9mark, snowboard etc ne pourront pas prendre le d\u00e9part.<\/strong><\/p>\n\n\n\n<p>L\u2019ouverture des remont\u00e9es m\u00e9caniques pour les concurrents est fix\u00e9e \u00e0 partir de 9 h<\/p>\n\n\n\n<p><strong>8 PARCOURS :<\/strong><\/p>\n\n\n\n<p>Cette course se d\u00e9roule sur la piste des Vallons du Pra ( premi\u00e8re entr\u00e9e) \u00e0 la station des 7 Laux.<\/p>\n\n\n\n<p>Le d\u00e9part est pr\u00e9vu au sommet du t\u00e9l\u00e9si\u00e8ge du gypa\u00e8te \u00e0 Prapoutel \u00e0 2360m d&rsquo;altitude, et l&rsquo;arriv\u00e9e en haut du tapis sur le front de neige du Pleynet ( 1450 m) .Soit 900m de d\u00e9nivel\u00e9 ,entre ces 2 points, l&rsquo;itin\u00e9raire est libre sauf au niveau des goulets.<\/p>\n\n\n\n<p>Le passage se faisant entre deux oriflammes.<\/p>\n\n\n\n<p>L&rsquo;organisation se reserve le droit de modifier le trace pour des raisons de securit\u00e9.<\/p>\n\n\n\n<p>Aucune autre porte ne balise le parcours. . Seuls les dangers importants, tels que barres rocheuses ou rochers situ\u00e9s dans l\u2019axe des trajectoires habituelles, pourront \u00eatre balis\u00e9s ou signal\u00e9s. Ce balisage, implant\u00e9 en site de haute montagne, ne pourra \u00eatre ni int\u00e9gral, ni exhaustif. <strong>Cependant le non-respect de ce balisage entra\u00eenera la disqualification du concurrent.<\/strong><\/p>\n\n\n\n<p>Le choix de l&rsquo;itin\u00e9raire est sous la responsabilit\u00e9 de chacun, les coureurs sont inform\u00e9s des risques d&rsquo;accidents graves inh\u00e9rents aux courses de type derby.<\/p>\n\n\n\n<p>Aucune assistance ou aide ext\u00e9rieure durant la course n&rsquo;est autoris\u00e9e, \u00e0 l\u2019exclusion de celle de l&rsquo;accompagnant des handiskieurs.<\/p>\n\n\n\n<p>En raison du caract\u00e8re \u00ab&nbsp;montagne&nbsp;\u00bb du site ( risques d&rsquo;avalanches brouillard qualit\u00e9 de la neige etc.) l&rsquo;organisation peut choisir de modifier le parcours ou d&rsquo; utiliser le parcours de repli.<\/p>\n\n\n\n<p>Le parcours de repli se situe sur la piste de l\u2019\u00e9v\u00eaque ou le plan du Pra puis emprunter la fin de la piste des vallons. ( d\u00e9nivellation d\u2019environ 750 m).<\/p>\n\n\n\n<p>L&rsquo;organisation se r\u00e9serve le droit d&rsquo;imposer un parcours diff\u00e9rent pour des raisons de s\u00e9curit\u00e9 ou d&rsquo;enneigement.<\/p>\n\n\n\n<p>Toute d\u00e9cision de l&rsquo;organisation ne pourra \u00eatre conteste par les participants.<\/p>\n\n\n\n<p><strong>9 RECONNAISSANCE :<\/strong><\/p>\n\n\n\n<p><strong>La reconnaissance du parcours est obligatoire. <\/strong>L<strong>ors de ses reconnaissances le coureur estimera sa capacit\u00e9 physique et technique \u00e0 participer \u00e0 la course.<\/strong> La reconnaissance est libre et sous la seule responsabilit\u00e9 des participants et doit \u00eatre r\u00e9alis\u00e9 de fa\u00e7on raisonnable.<\/p>\n\n\n\n<p><strong>10 ETAT DU TERRAIN :<\/strong><\/p>\n\n\n\n<p>Le terrain ne fera l&rsquo;objet d&rsquo;aucune pr\u00e9paration particuli\u00e8re, et sera livr\u00e9 aux concurrents dans les conditions impos\u00e9es par la m\u00e9t\u00e9o et l&rsquo;\u00e9tat de la neige. Inversement, si au contraire, quelle qu\u2019en soit la raison, une partie du terrain avait fait l\u2019objet d\u2019une pr\u00e9paration, les concurrents ne pourront \u00e9lever aucune contestation quant \u00e0 l\u2019existence de cette pr\u00e9paration et ses cons\u00e9quences sur la skiabilit\u00e9 du manteau neigeux qui en r\u00e9sultera.<\/p>\n\n\n\n<p>L\u2019attention des concurrents est tout particuli\u00e8rement attir\u00e9e sur le fait que le parcours est situ\u00e9 dans un domaine naturel de montagne . En cas de risque d\u2019avalanche anormal, le Comit\u00e9 de Course et en concertation avec le service des pistes de la station pourra d\u00e9cider, jusqu\u2019au dernier moment ainsi que durant l\u2019\u00e9preuve, d\u2019annuler ou d\u2019interrompre ou de d\u00e9caler celle-ci pour raison de s\u00e9curit\u00e9.<\/p>\n\n\n\n<p><strong>11 S\u00c9CURIT\u00c9<\/strong><\/p>\n\n\n\n<p><strong>Le port du casque <\/strong><strong>homologu\u00e9 ski<\/strong><strong> est obligatoire<\/strong><\/p>\n\n\n\n<p><strong>Le port d&rsquo;une dorsale est tr\u00e8s vivement conseill\u00e9.<\/strong><br>Les participants sont tenus d\u2019avoir obligatoirement d\u2019un syst\u00e8me d\u2019arr\u00eat type <strong>stop ski ou \u00e9quivalent<\/strong> sur leurs skis, monoski, t\u00e9l\u00e9mark, snowboard etc&#8230;<br>L\u2019organisation insiste sur le fait qu\u2019il appartient au coureur et ce sous son enti\u00e8re responsabilit\u00e9 de v\u00e9rifier son mat\u00e9riel.<br><br>Lors du passage de la ligne d\u2019arriv\u00e9e, veillez \u00e0 ne pas vous \u00ab&nbsp;coucher&nbsp;\u00bb dans la raquette d\u2019arriv\u00e9e. Une fois pass\u00e9e la ligne d\u2019arriv\u00e9e, veuillez sortir de la raquette d\u2019arriv\u00e9e, <strong>rendre votre dossard<\/strong> ainsi que la <strong>puce de chronom\u00e9trage.<\/strong><\/p>\n\n\n\n<p>Attention particuli\u00e8re&nbsp;: en cas de chute importante ou \u00ab&nbsp;lourde&nbsp;\u00bb, le\/la participante concern\u00e9 devra suivre les directives strictes des personnels d\u00e9di\u00e9s au secours.<\/p>\n\n\n\n<p><strong>12 HANDISKIEUR&nbsp;:<\/strong><\/p>\n\n\n\n<p>Pour des raisons de s\u00e9curit\u00e9 et d\u2019organisation, vous devrez \u00eatre compl\u00e8tement autonome avec votre ou vos accompagnants. Ce qui implique acc\u00e8s au point de d\u00e9part, course et retour. Lors de votre inscription vous devrez informer la personne responsable des inscriptions de la composition du bin\u00f4me que vous formerez avec votre accompagnant.<br>Le comit\u00e9 d\u2019organisation se r\u00e9serve le droit de limiter le nombre d\u2019handiskieurs en fonction des moyens techniques disponibles.<\/p>\n\n\n\n<p><strong>13 \u00c9THIQUE :<\/strong><\/p>\n\n\n\n<p>Vous \u00e9voluez sur des terrains montagne et en altitude. Nous vous demandons de respecter ces espaces sauvages. Ne rien jeter au sol. Lors de vos reconnaissances nous vous demandons de respecter les autres usagers de ces m\u00eames espaces.<\/p>\n\n\n\n<p><strong>14 SANCTIONS :<\/strong><\/p>\n\n\n\n<p>Toute infraction aux r\u00e8gles pr\u00e9c\u00e9demment cit\u00e9es ou tentative de fraude, de m\u00eame que tout comportement contraire \u00e0 l\u2019esprit sportif, ou la tenue de propos incorrects envers le Comit\u00e9 d\u2019Organisation, ou l\u2019un de ses membres, pourront entra\u00eener la disqualification du ou des coureurs concern\u00e9s, d\u00e9cid\u00e9e par d\u00e9lib\u00e9ration du Comit\u00e9 d\u2019Organisation, qui statuera souverainement et sans recours.<\/p>\n\n\n\n<p><strong>15 CHRONOM\u00c9TRAGE :<\/strong><\/p>\n\n\n\n<p>Un syst\u00e8me de chronom\u00e9trage professionnel est mis en \u0153uvre. Cependant des erreurs peuvent subvenir.<\/p>\n\n\n\n<p>Le Comit\u00e9 d\u2019Organisation d\u00e9cline toute responsabilit\u00e9 en cas de probl\u00e8me de chronom\u00e9trage.<br>Votre attention est tout particuli\u00e8rement attir\u00e9e sur le principe d\u2019avoir \u00e0 tout moment de la course et lors du passage de l\u2019arriv\u00e9e, une excellente lisibilit\u00e9 de votre dossard. Chaque concurrent devra imp\u00e9rativement montrer son dossard au passage de la ligne.<br>Chaque concurrent devra remettre sa puce de chronom\u00e9trage sur le stand d\u00e9di\u00e9 \u00e0 cet effet \u00e0 l\u2019arriv\u00e9e du derby. <strong>Toute puce non restitu\u00e9e sera factur\u00e9e au concurrent 100 euros<\/strong>. Lors de cette remise, il lui sera remis un ticket pour le d\u00e9jeuner et une boisson.<\/p>\n\n\n\n<p>L&rsquo;organisation peut suivant les conditions decider ne pas utiliser de chronom\u00e9tre mais proc\u00e9der a un d\u00e9part group\u00e9 sans temps avec une arriv\u00e9e dans l&rsquo;ordre ( mass start).<br><br><br><\/p>\n\n\n\n<p><strong>16 CLASSEMENT :<\/strong><\/p>\n\n\n\n<p>Un classement individuel, par discipline sera effectu\u00e9. Pour chaque discipline : ski, t\u00e9l\u00e9mark, snowboard, monoski, handiski, snowscoot ; il sera \u00e9tabli un classement \u00ab\u00a0hommes\u00a0\u00bb un classement \u00ab\u00a0femmes\u00a0\u00bbet un classement \u00ab&nbsp;jeunes&nbsp;\u00bb. Un classement \u00ab&nbsp;senior&nbsp;\u00bb femmes et hommes (plus de 50 ans) sera \u00e9galement effectu\u00e9 toutes glisses confondus.<\/p>\n\n\n\n<p>Toute r\u00e9clamation relative au classement devra \u00eatre formul\u00e9e par \u00e9crit et remise au Comit\u00e9 d\u2019Organisation, dans les 30 minutes qui suivent l&rsquo;affichage des r\u00e9sultats provisoire. Le Comit\u00e9 d\u2019Organisation statuera souverainement et sans recours sur chaque r\u00e9clamation.<\/p>\n\n\n\n<p><strong>17 RECOMPENSE :<\/strong><\/p>\n\n\n\n<p>Des lots seront remis aux gagnants de chaque cat\u00e9gorie. La remise d&rsquo;un troph\u00e9e du derby aura \u00e9galement lieu.<\/p>\n\n\n\n<p><strong>18 PODIUM&nbsp;:<\/strong><\/p>\n\n\n\n<p>Chaque participant promu s\u2019engage \u00e0 respecter les partenaires et sponsors du Derby des vallons du Pra lors de la mont\u00e9e sur le podium. Seules les marques partenaires du Derby des Vallons du Pra pourront \u00eatre mises en \u00e9vidence lors de la remise des prix.<\/p>\n\n\n\n<p><strong>19 ASSURANCES :<\/strong><\/p>\n\n\n\n<p>Le prix de l\u2019inscription comprend une assurance qui couvrira les frais de secours uniquement le jour de l\u2019\u00e9preuve. Il revient pour chaque coureur de v\u00e9rifier s\u2019il est personnellement assur\u00e9 pour participer \u00e0 ce type d\u2019\u00e9preuve, notamment en responsabilit\u00e9 civile. L&rsquo;association Lakikarivenba ( membres, b\u00e9n\u00e9voles) et la station des 7 Laux (semlg) d\u00e9clinent toutes responsabilis\u00e9es.<\/p>\n\n\n\n<p><strong>20 ANNULATION :<\/strong><\/p>\n\n\n\n<p>Le comit\u00e9 d\u2019organisation se r\u00e9serve le droit de modifier le pr\u00e9sent r\u00e8glement et de reporter, d&rsquo;annuler l&rsquo;\u00e9preuve ou de modifier le trac\u00e9, notamment en cas de mauvaises conditions m\u00e9t\u00e9orologiques ou d&rsquo;instabilit\u00e9 du manteau neigeux. En outre, l\u2019\u00e9preuve pourra ne pas avoir lieu ou \u00eatre interrompue si les conditions m\u00e9t\u00e9orologiques ne permettent pas l&rsquo;intervention des secours.<\/p>\n\n\n\n<p><strong>En cas d\u2019annulation au jour de l\u2019\u00e9preuve<\/strong>, les participants devront suivre imp\u00e9rativement les consignes de l&rsquo;Organisation et du personnel des T\u00e9l\u00e9ph\u00e9riques des 7 laux.<\/p>\n\n\n\n<p><br>Les participants devront regagner la salle polyvalente du Pleynet o\u00f9 ils seront inform\u00e9s de la suite du d\u00e9roulement de la journ\u00e9e, ils devront rendre leur puce de chronom\u00e9trage et le dossard.<br><br><br><\/p>\n\n\n\n<p>La course \u00e9tant annul\u00e9e, tout participant qui d\u00e9sirerait retourner skier sur le domaine devra s\u2019y engager sans dossard du Derby et sous sa propre responsabilit\u00e9.<\/p>\n\n\n\n<p><strong>21 ARRET DE LA COURSE&nbsp;:<\/strong><\/p>\n\n\n\n<p>Le Comit\u00e9 d\u2019Organisation se r\u00e9serve le droit d\u2019arr\u00eater d\u00e9finitivement la course en cas de force majeure.<\/p>\n\n\n\n<p><strong>22 REMBOURSEMENT :<\/strong><\/p>\n\n\n\n<p>Si l\u2019\u00e9preuve ne peut avoir lieu pour l\u2019une des raisons indiqu\u00e9es ci-dessus, ou en cas de force majeure, le prix des engagements ne sera pas rembours\u00e9.<br>De m\u00eame, aucune indemnit\u00e9 de quelque nature que ce soit ne pourra \u00eatre demand\u00e9e, quel qu\u2019en soit le fondement juridique.<br>Remboursement particulier avant le derby&nbsp;: blessures, cas de force majeure, un remboursement pourra \u00eatre effectu\u00e9 sur pr\u00e9sentation d\u2019un certificat m\u00e9dical et de tout document justificatif au plus tard une semaine avant la course. L\u2019organisation retiendra la somme de 14 euros pour la formule forfait saison ou 24 euros pour la formule journ\u00e9e.<\/p>\n\n\n\n<p><strong>23 CONTESTATIONS <\/strong>:<\/p>\n\n\n\n<p>Toute contestation dirig\u00e9e contre le Comit\u00e9 d\u2019organisation ou l\u2019association Lakikarivenba ou relative \u00e0 l\u2019application du pr\u00e9sent r\u00e8glement, sera port\u00e9e devant les juridictions fran\u00e7aises comp\u00e9tentes. Le pr\u00e9sent r\u00e8glement, de m\u00eame que les engagements, sont express\u00e9ment soumis au droit fran\u00e7ais, quelle que soit la nationalit\u00e9 des participants et le lieu de souscription des engagements. La version fran\u00e7aise du pr\u00e9sent r\u00e8glement faisant foi.<\/p>\n\n\n\n<p><strong>24 TROPHEE DES DERBYS&nbsp;<\/strong>:<\/p>\n\n\n\n<p>Le derby des vallons du Pra fait partie du troph\u00e9e des derbys (<a href=\"http:\/\/www.tropheedesderbys.com\/\" target=\"_blank\" rel=\"noreferrer noopener\">www.tropheedesderbys.com<\/a>)<\/p>\n\n\n\n<p>les concurrents peuvent donc participer au troph\u00e9e des derbys mais doivent se plier au r\u00e8glement et au fonctionnement du troph\u00e9e des derbys.<\/p>\n\n\n\n<p><strong>25 COVID&nbsp;<\/strong>:<\/p>\n\n\n\n<p>Les concurrents s&rsquo;engagent a respecter les mesures sanitaires en vigueur le jour de la course <\/p>\n\n\n\n<p>ainsi que sur les remont\u00e9es m\u00e9caniques ( pass sanitaire et masque ).<\/p>\n\n\n\n<p><\/p>\n\n\n\n<p><strong>EN VOUS INSCRIVANT AU DERBY VOUS ACCEPTER SANS RESERVE CE REGLEMENT<\/strong><\/p>\n\n\n\n<p><strong>POUR LES MINEURS L\u2019AUTORISATION PARENTALE EST OBLIGATOIRE<\/strong><\/p>\n","protected":false},"excerpt":{"rendered":"<p>REGLEMENT DERBY DES VALLONS DU PRA 1 CALENDRIER : Le Derby des Vallons du Pra dans la station des Sept Laux&nbsp;aura lieu le samedi 28 mars 2026. Il s\u2019agit de la siexieme \u00e9dition. Le derby fait partie du troph\u00e9e des derbys. 2 PARTICIPATION : L\u2019\u00e9preuve est ouverte \u00e0 toutes et \u00e0 tous, licenci\u00e9s ou non,&hellip; <br \/> <a class=\"read-more\" href=\"https:\/\/derbydesvallonsdupra.fr\/index.php\/reglement\/\">Lire la suite<\/a><\/p>\n","protected":false},"author":1,"featured_media":0,"parent":0,"menu_order":0,"comment_status":"closed","ping_status":"closed","template":"","meta":{"footnotes":""},"class_list":["post-114","page","type-page","status-publish","hentry"],"_links":{"self":[{"href":"https:\/\/derbydesvallonsdupra.fr\/index.php\/wp-json\/wp\/v2\/pages\/114","targetHints":{"allow":["GET"]}}],"collection":[{"href":"https:\/\/derbydesvallonsdupra.fr\/index.php\/wp-json\/wp\/v2\/pages"}],"about":[{"href":"https:\/\/derbydesvallonsdupra.fr\/index.php\/wp-json\/wp\/v2\/types\/page"}],"author":[{"embeddable":true,"href":"https:\/\/derbydesvallonsdupra.fr\/index.php\/wp-json\/wp\/v2\/users\/1"}],"replies":[{"embeddable":true,"href":"https:\/\/derbydesvallonsdupra.fr\/index.php\/wp-json\/wp\/v2\/comments?post=114"}],"version-history":[{"count":28,"href":"https:\/\/derbydesvallonsdupra.fr\/index.php\/wp-json\/wp\/v2\/pages\/114\/revisions"}],"predecessor-version":[{"id":1640,"href":"https:\/\/derbydesvallonsdupra.fr\/index.php\/wp-json\/wp\/v2\/pages\/114\/revisions\/1640"}],"wp:attachment":[{"href":"https:\/\/derbydesvallonsdupra.fr\/index.php\/wp-json\/wp\/v2\/media?parent=114"}],"curies":[{"name":"wp","href":"https:\/\/api.w.org\/{rel}","templated":true}]}}